er when 3 is divided by c?
0
What is the remainder when ((-1287)/(-27))/(1/3) is divided by 36?
35
Let d = -5 + 37. What is the remainder when 63 is divided by d?
31
Let h(w) = 8*w**2 + w - 1. Calculate the remainder when 230 is divided by h(-2).
27
Let n(x) = -2*x**3 - 6*x**2 - 6*x - 7. Suppose 3*j = 22 + 29. What is the remainder when n(-4) is divided by j?
15
Let l = -23 + 74. Calculate the remainder when l is divided by 2/8 - (-206)/8.
25
Let l(s) = -s + 9. Let b be l(4). Let a(t) = t**3 - 3*t**2 - 8*t + 3. Calculate the remainder when 24 is divided by a(b).
11
Suppose 0 = -l - 0*l + 18. Let g = 27 - l. Calculate the remainder when 24 is divided by g.
6
Suppose 6*r - 24 = 2*r. Suppose -18 = -2*g + r. Calculate the remainder when 22 is divided by g.
10
Let f(x) = -3 + 16*x - 4*x - 5*x + 2*x. Calculate the remainder when f(4) is divided by 12.
9
Let m = -13 + 22. Suppose -j + 2*j = m. Calculate the remainder when 26 is divided by j.
8
Let x be 2*(-3)/(-9)*6. Suppose 4*h - 5*h = x*t + 5, -2*t - 19 = -h. Let m = -10 + 16. What is the remainder when h is divided by m?
5
Let q(w) = -w**3 - 2*w**2 - 2*w + 1. Suppose -m = m + 4. Calculate the remainder when 9 is divided by q(m).
4
Let s(q) = -16*q - 1. Let r = 128 - 71. Calculate the remainder when r is divided by s(-1).
12
Suppose 0 = 3*j - 2*k - 39, -3*j + 0*j - 2*k + 39 = 0. Calculate the remainder when j is divided by 7.
6
Let i(u) = -7*u - 1. Let c be i(-1). Let v = c + -1. Suppose 4*k + v*d = -k - 10, d = 5*k - 14. Calculate the remainder when 2 is divided by k.
0
Suppose -2*i = -15*i + 117. Calculate the remainder when 34 is divided by i.
7
Let k = 7 - -1. Suppose q = -0*q + k. Suppose -94 = -5*l - 4*f, 3*f + 0 = 2*l - 56. Calculate the remainder when l is divided by q.
6
Suppose 0*o - 5 = 5*o. Let q be 2 - (2/o + 2). Let p = q - -7. What is the remainder when p is divided by 5?
4
Suppose 0 = 3*q + 10 - 37. Let v = q - 4. Suppose 16 = v*u - 2*u + 5*s, -2*s + 6 = u. What is the remainder when u is divided by 2?
0
Suppose 25 = 3*k + 3*m - 2*m, 2*m = -5*k + 42. Suppose 4*y - 75 = -23. What is the remainder when y is divided by k?
5
Let m be (1/4 - 1)*-4. Suppose 0*y = -m*w + 4*y + 91, -w - y = -28. Calculate the remainder when w is divided by 16.
13
Suppose 196*p - 199*p = -9. Let s = 3 + 2. What is the remainder when s is divided by p?
2
Suppose -10 = -2*y + 2. Calculate the remainder when y is divided by 4.
2
Suppose 20 = 6*c - c. Suppose 29 - 261 = -c*z. What is the remainder when z is divided by 15?
13
Let i(y) = y**3 + 12*y**2 + 9*y + 1. Let o be i(-10). Calculate the remainder when o/(-2)*(-2)/3 is divided by 10.
7
Let w = -46 + 70. Suppose -5*i + 347 = -q, -6*q + 292 = 4*i - 2*q. Calculate the remainder when i is divided by w.
22
Suppose 47 = 4*b - z - 10, 4*z - 32 = -4*b. Suppose -2*n + 72 = -m, -5*n + n = m - 156. Calculate the remainder when n is divided by b.
12
Suppose 0*h + 5*h = -40. What is the remainder when 7 is divided by 18/8 - 6/h?
1
Let r(m) = 2*m**2 + 3*m - 3. Let d be r(-3). Suppose -f = 4 + d. Calculate the remainder when ((-4)/f)/(3/120) is divided by 6.
4
Suppose 4 + 10 = 2*w + 5*v, -4*v = 4*w - 16. Let u = w - 0. Calculate the remainder when (108/(-8))/(u/(-4)) is divided by 14.
13
Suppose -2*d - 3 = -b + 7, -3*d + 30 = 3*b. Suppose 2*x + 3*x - b = 0. Calculate the remainder when 5 is divided by x.
1
Let t = -61 + 111. Calculate the remainder when t is divided by 13.
11
Let f = -27 - -46. Let h = 9 - 2. Calculate the remainder when f is divided by h.
5
Suppose 0 = -4*c + 2*c. Suppose 0 = 4*h - 2*h - 24. Calculate the remainder when h is divided by 0/(-2) + 7 + c.
5
Suppose 29 = 3*m - 0*s - 5*s, 34 = 4*m - 2*s. Let q = -6 + 10. Let p = q - -1. Calculate the remainder when m is divided by p.
3
Calculate the remainder when 1/(-2) - 110/(-4) is divided by (45/6)/(3/4).
7
Suppose 15 = 2*j + 3*j + 5*s, 3*s = 2*j - 31. Suppose -23 = 5*b - j. Calculate the remainder when 18 is divided by (-2)/b*15/2.
3
Let k be 9/(2*(-1)/(-6)). Let v = -17 + k. Calculate the remainder when v is divided by 4.
2
Suppose d - 20 = 4*u, -5*d + u + 154 = -u. Suppose r = -2*x, -3*x + 2*x = -2*r + 15. Suppose f - r*f = -85. What is the remainder when d is divided by f?
15
Let j be (-1)/2*(-6 - -2). Suppose 8 + 17 = 2*x - 3*k, -j = -x - 2*k. What is the remainder when 18 is divided by (-2)/x + (-41)/(-4)?
8
Suppose 8 = -3*p - c, -2*p - 3*c + 2 = -6*p. Let w(i) = -2*i + 2 + 3*i**2 + 4*i + 2*i. Calculate the remainder when 10 is divided by w(p).
4
Suppose -3 = -4*i + 5. Suppose l - 4 = i. Calculate the remainder when 16 is divided by l.
4
Suppose 74*l - 57*l = 187. Calculate the remainder when (-284)/(-14) - 2/7 is divided by l.
9
Suppose q - 24 = 27. Calculate the remainder when q is divided by 26.
25
Suppose u + u - 198 = -5*h, 2*h - 474 = -5*u. What is the remainder when u is divided by 24?
22
Let b(f) = 11*f + 3. Let g(u) = -32*u - 8. Let j(c) = -17*b(c) - 6*g(c). Let o be j(5). Suppose 154 = 4*r + o. Calculate the remainder when r is divided by 17.
16
Suppose 2*k - 4*k = 70. Let i = k + 51. What is the remainder when (0 - -1)/(2/94) is divided by i?
15
Let s = 18 - 9. What is the remainder when s is divided by 3?
0
Let s(j) = -j**2 + 7*j + 6. Suppose -3*n + 14 - 2 = 0. Suppose 5*x - 33 = n*x. Calculate the remainder when x is divided by s(6).
9
Let f = 6 - 6. Suppose f = -2*u + 23 + 11. Suppose 1 = 4*r - 35. What is the remainder when u is divided by r?
8
Suppose 4*s = 3*s. Let d(y) = -y**2 + y + 17. What is the remainder when 65 is divided by d(s)?
14
Suppose 13*z - 16*z + 360 = 0. What is the remainder when z is divided by 31?
27
Let l = -19 + 51. Suppose -2*w = -3*w + l. Let x = -13 + w. What is the remainder when 56 is divided by x?
18
Let j(n) = -n**3 - n. Let x = -857 + 609. What is the remainder when x/(-14) - (-4)/14 is divided by j(-2)?
8
Let c = 42 - 25. Let r = c + -5. What is the remainder when 34 is divided by r?
10
Calculate the remainder when (3 + 2)/(1/3) is divided by 8.
7
Let b be 0/(0 - 6 - -4). Suppose b = -3*r + 8*r - 510. What is the remainder when r is divided by 26?
24
What is the remainder when 22 is divided by ((-72)/(-60))/(2/10)?
4
Suppose -x + 4*b + 154 = 2*x, 106 = 2*x - b. Calculate the remainder when 30 is divided by -2 - x/(-3 + 0).
14
What is the remainder when 13 is divided by (-2)/4 + 2/8*26?
1
Suppose -2*g - 6 = 0, -5*h - 4*g + 103 = -0*g. Calculate the remainder when h is divided by 13.
10
Suppose 4*r = 2*d - 5*d + 272, 10 = 2*r. Let o(c) = -c**3 + 7*c**2 - 3*c + 2. What is the remainder when d is divided by o(3)?
26
Let h = -64 + 69. Let v(f) = -2*f - 5. Let p be v(4). Calculate the remainder when (p/(-4))/((-1)/(-4)) is divided by h.
3
Let b(c) = -c + 7. Suppose -t + 33 = 4*h, -h + 5*t + 7 = -17. Suppose -38 - h = 4*r + 5*q, 2*r + 31 = -5*q. Calculate the remainder when b(r) is divided by 8.
7
Suppose -19*j + 105 = -16*j. Calculate the remainder when j is divided by 6.
5
Let y be 0/1 - (-5 - -3). Let o be (32/y)/(-6 + 8). Suppose m = -m + o. What is the remainder when 14 is divided by m?
2
Let y = -2 + 19. Let n(h) = -23*h - 4. Calculate the remainder when n(-3) is divided by y.
14
Let b(l) = -l**2 - l + 7. What is the remainder when 11 is divided by b(0)?
4
Suppose 0 = z - 1 + 2. Calculate the remainder when 14 is divided by 8 - (-1 - -3 - z).
4
Let f be (-1)/(-2*1/(-110)). Let y = f - -80. Let p = 45 - y. Calculate the remainder when p is divided by 11.
9
Suppose 2*d = -4*z + 166, -3 = -2*z + 5. What is the remainder when d is divided by 26?
23
Suppose -5*c + 15 + 35 = 0. Let l = 20 + -7. Let g = -7 + l. Calculate the remainder when c is divided by g.
4
Let k = -2 - -14. Suppose k = i + s - 2*s, 0 = 4*i + 3*s - 41. What is the remainder when 30 is divided by i?
8
Let k = 67 - 46. Let u = k - -3. What is the remainder when u is divided by 13?
11
Let v(d) = 2*d**2 + 3*d. Suppose 27 = -4*j + 91. Calculate the remainder when j is divided by v(-3).
7
Let r = 130 + -73. What is the remainder when r is divided by (-18)/(-8)*(-400)/(-60)?
12
Suppose -5*f = -4*h - 228, -3*f + 4*h + 140 = -0*f. Calculate the remainder when f is divided by 24.
20
Let g(f) = f**3 + 11*f**2 + 10*f - 14. Let h be g(-10). Calculate the remainder when (-35)/(-10)*(-152)/h is divided 